6070. Calculate j(238).
-24
Let m(g) = -2906*g + 23338. Give m(8).
90
Let j(i) = -29808*i + 327879. What is j(11)?
-9
Let m(y) = -1196*y - 487977. What is m(-408)?
-9
Let t(a) = -2*a**3 + 29*a**2 - 110*a + 915. Give t(13).
-8
Let y(t) = 71*t**2 - 3482*t + 25672. Determine y(40).
-8
Let r(u) = 41*u**2 + 541*u - 1942. What is r(-16)?
-102
Let h(a) = 10*a**2 + 391*a + 3598. What is h(-11)?
507
Let f(u) = 1434506*u + 10041549. Give f(-7).
7
Let g(b) = -29635*b - 5571374. What is g(-188)?
6
Let z(m) = -6*m**3 + 53*m**2 + 132*m + 2. What is z(-3)?
245
Let q(u) = -8*u**2 - 541*u + 6103. Determine q(10).
-107
Let b(u) = 449*u + 10858. Give b(-22).
980
Let p(y) = 3150*y + 17775. What is p(-6)?
-1125
Let t(m) = 2*m**2 + 15741*m - 2931106. What is t(182)?
4
Let v(d) = 5*d**3 + 638*d**2 + 1609*d - 2001. Determine v(-125).
-1
Let m(f) = -1875*f - 208140. Calculate m(-111).
-15
Let c(t) = 3*t**2 - 37*t - 38. Calculate c(-1).
2
Let t(n) = n**3 - 196*n**2 - 223*n + 5564. Determine t(197).
442
Let n(b) = 15687*b + 78426. What is n(-5)?
-9
Let p(z) = -2011*z + 60526. Determine p(30).
196
Let o(v) = 327*v + 22548. Determine o(-69).
-15
Let q(z) = -3184*z - 7. What is q(0)?
-7
Let f(y) = 311*y + 10115. Give f(-32).
163
Let k(p) = -160*p - 18202. Determine k(-118).
678
Let r(m) = -1129*m + 32745. Determine r(29).
4
Let t(v) = -21014*v - 273114. Determine t(-13).
68
Let o(f) = 91*f**2 - 4177*f + 86. Determine o(46).
500
Let q(j) = -1720*j - 4563. What is q(-3)?
597
Let l(d) = -160*d**2 - 3689*d - 309. Calculate l(-23).
-102
Let p(c) = -c**3 + 4*c**2 + 11*c - 102. Determine p(10).
-592
Let b(p) = -1706*p - 1797. What is b(-1)?
-91
Let m(p) = -5860*p + 152316. Determine m(26).
-44
Let z(n) = -5*n**2 + 54*n + 176. Calculate z(-3).
-31
Let d(n) = -1152*n + 58045. Calculate d(51).
-707
Let s(v) = -115*v**2 + 3*v - 84. Calculate s(0).
-84
Let q(w) = 599*w + 5085. Give q(-8).
293
Let s(c) = 82*c**2 + 22*c + 10. Calculate s(3).
814
Let b(x) = x**2 + 17*x + 37. Determine b(-4).
-15
Let g(l) = 127*l - 24507. Give g(197).
512
Let u(w) = -w**2 - 158*w + 88. Give u(-2).
400
Let b(t) = -1231*t + 670. Determine b(0).
670
Let g(i) = 3*i**2 - 644*i - 37041. Determine g(-47).
-146
Let i(k) = -22932*k - 3990167. Give i(-174).
1
Let u(h) = -h**3 - 1964*h**2 - 15639*h + 17604. Give u(-1956).
0
Let a(m) = -4*m**3 - 1610*m**2 + 2724*m + 121192. Give a(-404).
-8
Let b(d) = -6*d**2 - 87*d + 498. Give b(-19).
-15
Let p(g) = 4*g - 1633. Give p(139).
-1077
Let b(o) = 139*o + 2351. Give b(-16).
127
Let u(z) = 7013*z + 904896. Give u(-129).
219
Let f(m) = 15237*m + 411362. Calculate f(-27).
-37
Let y(q) = 321*q - 43713. What is y(136)?
-57
Let v(w) = -4*w**2 + 363*w + 3444. What is v(-9)?
-147
Let i(k) = 9*k**2 - 75586*k - 378149. Calculate i(-5).
6
Let v(o) = 2*o**2 - 151*o - 48856. Give v(199).
297
Let t(v) = -263*v - 7264. What is t(-29)?
363
Let t(d) = -8528*d - 119693. Determine t(-14).
-301
Let y(g) = 408*g + 20799. Calculate y(-51).
-9
Let y(x) = -5*x**2 + 38577*x - 346785. Calculate y(9).
3
Let n(v) = -v**2 + 14*v + 7724. Calculate n(95).
29
Let c(h) = -7*h**3 - 62*h**2 - 229*h - 2161. What is c(-9)?
-19
Let a(j) = -4*j**3 - 70*j**2 - 199*j + 7. Determine a(-6).
-455
Let k(x) = 451*x - 6562. What is k(14)?
-248
Let t(z) = -550*z + 12658. Calculate t(23).
8
Let d(l) = l**3 + 36*l**2 - 27*l + 3658. Give d(-39).
148
Let n(f) = 53554*f + 8889953. Determine n(-166).
-11
Let l(g) = 32*g**3 - 16703*g**2 - 474*g - 25055. Give l(522).
1
Let d(l) = l**2 + 11151*l + 10533600. Determine d(-1042).
22
Let a(p) = -678*p - 203646. Give a(-299).
-924
Let c(g) = 3*g**3 + 3946*g**2 + 24869*g - 2545. Determine c(-1309).
73
Let w(d) = -16137*d + 8488094. Calculate w(526).
32
Let z(m) = 5762*m + 1060255. Determine z(-184).
47
Let p(v) = -47*v**3 + 15*v**2 + 36*v - 58. Calculate p(-3).
1238
Let z(w) = -295*w + 2865. Determine z(11).
-380
Let k(m) = -m**2 - 134*m - 1691. Determine k(-122).
-227
Let v(h) = -h**3 + 412*h**2 + 4228*h - 3373. Give v(422).
3
Let f(g) = 10*g**2 - 765*g - 12695. What is f(-14)?
-25
Let m(l) = 13*l**2 - 496*l - 31694. What is m(72)?
-14
Let i(q) = -173*q**3 + 1040*q**2 - 8*q - 27. What is i(6)?
-3
Let p(a) = -3*a**2 - 9856*a - 68839. Determine p(-7).
6
Let y(j) = -4*j**3 - 60*j**2 - 160*j + 48. Give y(-3).
96
Let n(x) = -6*x**3 + 830*x**2 - 276*x + 358. Give n(138).
358
Let o(j) = -912*j + 19136. Give o(21).
-16
Let y(x) = -876*x**3 - 110*x**2 + 96*x + 14. What is y(1)?
-876
Let i(b) = 20*b**2 - 96*b - 37. What is i(9)?
719
Let g(s) = 3*s**3 + 34*s**2 + 10*s + 79. Calculate g(-11).
90
Let y(m) = -49528*m + 197554. Determine y(4).
-558
Let n(v) = -v**2 - 26*v + 137. Give n(-18).
281
Let u(f) = -4*f**2 + 2776*f - 5541. What is u(2)?
-5
Let i(l) = l**3 + 67*l**2 + 1288*l + 92308. Give i(-68).
100
Let o(n) = -264*n**2 - 8290*n + 5075. Give o(-32).
19
Let u(z) = -978*z + 16043. Calculate u(16).
395
Let t(o) = 2*o**2 - 5*o - 625. Determine t(19).
2
Let f(x) = 22418*x - 1793278. Determine f(80).
162
Let r(v) = -2806*v - 13859. Calculate r(-5).
171
Let l(t) = -78*t**2 - 1763*t + 618. Calculate l(-23).
-95
Let w(y) = -2*y**2 - 1764*y + 60400. Give w(33).
10
Let a(b) = b**3 - 248*b**2 - 10223*b + 111. Calculate a(-36).
75
Let t(y) = 2253*y - 20052. What is t(9)?
225
Let o(c) = -c**2 + 381*c - 20907. Determine o(312).
621
Let i(w) = -10*w**2 - 172*w - 2091. Determine i(-11).
-1409
Let t(s) = -s**2 - 437*s + 44988. What is t(86)?
10
Let k(t) = -7*t**2 + 18455*t - 276685. Calculate k(15).
-1435
Let d(z) = 921*z**2 + 88401*z - 1431. What is d(-96)?
9
Let z(q) = 3*q**2 - 220*q + 1691. Give z(65).
66
Let a(u) = 3*u**3 + 54*u**2 + 261*u + 205. Determine a(-10).
-5
Let a(x) = -760*x - 281953. Give a(-371).
7
Let k(i) = 348*i - 1361. Determine k(5).
379
Let k(b) = 652997*b + 3918001. Calculate k(-6).
19
Let x(o) = 146*o**3 + 9*o**2 - 38*o - 8. Give x(3).
3901
Let d(f) = 439*f + 5880. Calculate d(-14).
-266
Let u(m) = -325*m + 41860. What is u(129)?
-65
Let t(o) = -10657*o - 127886. Determine t(-12).
-2
Let u(l) = -l**2 - 1241*l + 104605. Give u(79).
325
Let x(l) = -450*l**2 + 310*l + 311. Give x(-1).
-449
Let c(u) = 465*u - 51099. Determine c(109).
-414
Let w(c) = -6392*c - 12833. What is w(-2)?
-49
Let o(u) = u**3 - 30*u**2 + 1246*u - 35603. Calculate o(30).
1777
Let o(x) = 2*x**3 + 42*x**2 - 253*x - 5849. What is o(-20)?
11
Let m(j) = 1288*j - 2658. Give m(2).
-82
Let l(i) = -89*i**2 + 1253*i - 61. Calculate l(14).
37
Let g(h) = h**2 - 185*h + 2469. Calculate g(172).
233
Let v(f) = -908*f - 80768. Give v(-89).
44
Let n(b) = 10517*b - 4827294. Give n(459).
9
Let w(r) = 2*r**2 - 752*r - 9892. Calculate w(-13).
222
Let s(q) = q**3 - 24*q**2 + 133*q + 1. Calculate s(6).
151
Let z(q) = 600261*q + 3001355. Give z(-5).
50
Let w(p) = -9175*p + 36715. Determine w(4).
15
Let d(k) = k**2 + 235*k - 10842. What is d(40)?
158
Let h(w) = 4*w**3 + 140*w**2 + 146*w + 7. Determine h(-1).
-3
Let v(a) = 137*a**3 - 19*a**2 - 30*a + 63. Calculate v(2).
1023
Let i(t) = 4855*t - 39072. Give i(8).
-232
Let h(p) = -p**3 - 18*p**2 - 5253*p - 105868. What is h(-20)?
-8
Let l(p) = -3*p**3 - 74*p**2 + 145*p + 1091. Determine l(-26).
25
Let g(l) = l**3 - 6*l**2 - 79*l + 511. Calculate g(8).
7
Let d(j) = -7*j**2 - 611*j - 11568. Calculate d(-60).
-108
Let i(w) = 3142*w + 179079. Determine i(-57).
-15
Let q(t) = -t**2 - 36297*t + 980771. Give q(27).
23
Let p(t) = -t**3 + 60*t**2 - 63*t + 227. Calculate p(59).
-9
Let w(a) = 10545*a - 21063. Calculate w(2).
27
Let h(d) = -1572*d + 16. Determine h(0).
16
Let a(x) = -4*x**2 + 389*x + 10969. Determine a(120).
49
Let i(h) = 137*h**2 + 219*h + 1485. Calculate i(-7).
6665
Let f(g) = -178*g**3 - 361*g**2 - 20*g - 8. Calculate f(-2).
12
Let g(m) = 2*m**3 - 129*m**2 - 2388*m + 7661. Calculate g(79).
-2
Let t(a) = 2*a**3 - 178*a**2 - 1986*a - 7. What is t(-10)?
53
Let i(z) = -111718*z + 1787513. What is i(16)?
25
Let u(g) = g**3 - 857*g**2 + 47110*g - 22337. Determine u(798).
7
Let j(m) = 209*m - 5067. What is j(23)?
-260
Let k(t) = 1304*t + 48024. What is k(-37)?
-224
Let s(h) = -5*h**3 - 8*h**2 - 88*h + 184. Determine s(2).
-64
Let q(a) = a**3 + 10*a**2 - 10*a - 3. What is q(2)?
25
Let p(c) = -c**2 - 427034*c + 10249394. Give p(24).
2
Let q(p) = -840*p**2 - 132*p + 157. Calculate q(2).
-3